 Let w = k - -1193. What is the tens digit of w?
0
Let g(v) = 44*v - 9. Let p(d) = 88*d - 19. Let k(l) = 5*g(l) - 2*p(l). Let n(t) = 176*t - 28. Let q(m) = 9*k(m) - 2*n(m). What is the tens digit of q(1)?
3
Let z be 14/((-42)/(-9)) - 3*-2. Suppose -z*a + 6*a + 748 = -4*y, a = -2*y + 236. What is the hundreds digit of a?
2
Let g(y) = -5*y**3 - 2*y**2 + 8*y + 2. Let i = -402 - -396. What is the tens digit of g(i)?
6
Let f(p) = 17*p**2 + p - 13. Let h = 5 - 1. Suppose 13 = h*r - 4*c + 5*c, -c + 4 = r. What is the hundreds digit of f(r)?
1
Suppose 2*c = -4*i - 21069 + 6133, 5*c + 37329 = i. What is the hundreds digit of c/(-16) - 18/(-48)?
4
Let c be 0 + 1167/(-18) - (-1)/(-6). Let j be (-5)/2 - (-4)/8 - c. Let y = j - -67. What is the units digit of y?
0
Let w(o) = -4*o + 7*o + o**3 + 12 - 5*o - 11*o**2. Let n be w(11). Let z = n + 11. What is the units digit of z?
1
Suppose 25*b = -42*b + 103783. What is the tens digit of b?
4
Let t(w) be the second derivative of w**5/30 - w**4/24 + 2*w**3/3 + 15*w**2/2 - 34*w. Let n(l) be the first derivative of t(l). What is the units digit of n(8)?
4
Let r(w) = 14*w - 5. Let h be r(0). Let k(m) = 18 + 4*m - 3*m + 0*m. What is the tens digit of k(h)?
1
Let q be -3 + 2 + -3 + 45. Let c = 50 - q. What is the units digit of (6 + -20)*c/(-2)?
3
What is the units digit of 244251/56 + (-105)/(-280)?
2
Suppose -3*b - 38 = 5*g, 18 - 8 = -5*b + 5*g. What is the units digit of (-2)/b*13134/22?
9
Let q(u) = 18*u**2 + 1083*u - 61. What is the hundreds digit of q(-63)?
1
Suppose -5*z + 12 + 13 = 0. Suppose -z*u = -4*c - 2866, 13*u - 2*c = 14*u - 562. What is the hundreds digit of u?
5
Let r = -75 - -261. Let q = r - -261. What is the hundreds digit of q?
4
Suppose -5*i = 2*i - i. Suppose i = 4*c - 1517 - 1471. What is the units digit of c?
7
What is the tens digit of -25 + 34 - 2*(-4871)/2?
8
What is the tens digit of 44/(6*1/1389)?
8
Let n = 80849 - 55419. What is the thousands digit of n?
5
Let f = 28 - -6. Suppose g + f = -5*h - 0*g, -26 = h + 5*g. What is the tens digit of 35/3*h/(-1)?
7
Suppose -5*x + 797*a = 793*a - 197685, -3*x - 2*a + 118633 = 0. What is the tens digit of x?
4
Let k(u) = -u**2 - u - 6. Let s be k(-2). Let l(r) = r + 11. Let g be l(s). Suppose 5*d + i + g*i = 340, -4*d - 5*i + 263 = 0. What is the units digit of d?
2
Let a be 3152/4 + -1 + (-5 - -3). Let r = a - 588. What is the hundreds digit of r?
1
Suppose 9*i = 3*g - 132387, 4*g - 2*i - 50222 = 126214. What is the tens digit of g?
0
Let v(y) = -447*y + 981. What is the tens digit of v(-11)?
9
Suppose 0 = 3*c - 3 - 3. Let j(l) = -6*l - 12964 + 12968 + 27*l**2 + l. What is the units digit of j(c)?
2
Suppose 25*m - 22010 = 36735 + 26155. What is the tens digit of m?
9
Let b(j) = 163*j + 1435. What is the hundreds digit of b(24)?
3
Suppose -m + 58597 = 4*x - 65011, 154501 = 5*x - m. What is the tens digit of x?
0
Let d(i) = -42672*i + 104. What is the units digit of d(-1)?
6
Suppose 0 = -5*y + p + 3, 6*y + 9 = 4*y - 3*p. Suppose 8*x - 64 = -y*x. Suppose 2*c + 822 = x*c. What is the units digit of c?
7
Let g(y) = y**3 - 19*y**2 + 6*y + 26. Let s be g(19). Suppose u = -29 + s. What is the units digit of u?
1
Suppose -6*d - 5*q = -3*d + 1205, -10 = -2*q. What is the hundreds digit of (-5 - 27/(-15))/(4/d)?
3
Suppose 5*r - 4*r - 27 = -5*p, -42 = -5*p + 4*r. What is the units digit of p/15 - (4 + (-608)/5)?
8
Let d(s) = s**3 + 7*s**2 + 5*s - 8. Let x = -43 + 37. Let b be d(x). What is the hundreds digit of 918/9 - (0 - 1 - b)?
1
What is the units digit of 21962 + (-80)/(-45) + (-18)/(-81)?
4
Let t(z) = 18*z - 13. Let n be t(-13). Let s be (18/4)/(18/(-552)). Let r = s - n. What is the hundreds digit of r?
1
Let g(h) = h + 7. Let j be g(4). Suppose -4*k - 4*i - 1948 = 0, -6*k - i + 2435 = -j*k. Let c = -205 - k. What is the hundreds digit of c?
2
Let f(p) = p**3 - p**2 - 10*p + 6. Let g be (14/12)/(4/24). What is the units digit of f(g)?
0
Suppose 0 = 4*o - 0*o - 5*n - 71498, 0 = -2*o + 3*n + 35746. What is the units digit of o?
2
Let f(h) = 3*h**3 + 2*h**2 - 10*h + 9. Let a be f(1). What is the units digit of (-204)/(-26) - a/(-26)?
8
Let f(m) = -3*m**2 - 2*m + 11. Let r(d) = 1. Let t(o) = -f(o) + 6*r(o). Suppose -140*a + 913 = 73. What is the tens digit of t(a)?
1
Let r(z) = 10*z**3 + 25*z**2 - 127*z - 24. What is the thousands digit of r(10)?
1
Let x = -127 + 147. Suppose 9 = -k + 2*z, k + 36 = -3*k + 4*z. Let a = x + k. What is the tens digit of a?
1
Suppose -3*s = 2*h - 16, 4*s = s - 4*h + 20. Let b be (-2)/(-4)*12 - 1. Suppose -u = l - 23 - 19, b*l + s*u = 205. What is the units digit of l?
7
Let a be ((-4)/(-1))/(-1) - (12565 + 3). Let v = a - -5108. What is the hundreds digit of (-1)/(30/v) - 2/(-10)?
2
Suppose -4*c + v + 2486 = 907, 2*c - 4*v - 786 = 0. Suppose -c*w + 6545 = -378*w. What is the tens digit of w?
8
Let r(u) = u**3 + 14*u**2 + 12*u - 12. Let w be r(-13). Let c be (2 + -7)*(63 - 0 - w). What is the tens digit of (3/3)/((-5)/c)?
6
Let g(b) = -529*b**3 - 12*b**2 - 3*b + 4. Let p(r) = 1058*r**3 + 22*r**2 + 6*r - 7. Let d(n) = -7*g(n) - 4*p(n). What is the tens digit of d(-1)?
2
Let j = 91908 + -46029. What is the thousands digit of j?
5
Suppose y + 3*p = 7 - 1, -12 = -2*y + 4*p. Suppose -176 = y*q - 8*q. Suppose 0 = f + 4*v - 35, 39 = 5*f + 4*v - q. What is the tens digit of f?
2
Let h(z) = 6*z - 37. Let a be h(7). Suppose w - 2 = 0, -4*f - f + 1425 = a*w. What is the units digit of f?
3
Suppose 0 = -j + b + 9, 5*b - 5 = -5*j + 2*b. Suppose j*x - 77 - 15 = 0. What is the units digit of x?
3
Suppose -3*t + 2*z = 3*z - 14, -4*t = -5*z - 25. Suppose -a = 4, -3*a + 18 = c + 5. Suppose y = c - t. What is the tens digit of y?
2
Let u(h) = 854*h**2 - 85*h + 179. What is the hundreds digit of u(2)?
4
Let r be 1006*10/4 - -2. What is the thousands digit of r/2 - (-54)/36?
1
Suppose 0 = -2*y - 2*y + 4*j + 248, -j + 166 = 3*y. Suppose 3*l - y = 171. Suppose -l*n = -72*n - 276. What is the tens digit of n?
6
Let f(h) = 3*h**2 + 86*h - 29. Let v be f(-29). Suppose v = -28*d + 9551 + 6241. What is the tens digit of d?
6
Let z be ((-30)/(-6))/5 + 1. What is the tens digit of (z/1)/((-12)/(-4338))?
2
Suppose -145998 = 133*r - 1904391. What is the ten thousands digit of r?
1
Let q = 20033 + -13107. What is the units digit of q?
6
Let c(t) = t**3 - 9*t**2 + 5*t + 15. Let i(a) = 3*a**2 - 10*a + 10. Let d be i(4). Let h = d + -9. What is the units digit of c(h)?
0
Suppose -11*p = -1934 - 1817. Suppose 0 = -8*a + 4933 - p. What is the units digit of a?
4
Let b(f) = -103*f + 94*f + 2*f**2 + 7 + f**3 + 8*f**2 - 3*f**2. What is the units digit of b(5)?
2
Let j(v) = 9*v - 32. Let s be j(4). Suppose -14*p - 1124 = -18*p - s*w, -5*w + 277 = p. What is the hundreds digit of p?
2
Let t = -26 + 20. Let i(f) = -1 - 7 - 2*f**2 - 43*f + 15*f. What is the units digit of i(t)?
8
Let d(u) = u**3 - 14*u**2 + 8*u - 10. Let n(q) = -q**3 + 16*q**2 - 9*q + 11. Let w(o) = -4*d(o) - 3*n(o). What is the tens digit of w(6)?
4
Let z(k) = k**3 + 2*k**2 + 2*k + 4. Let p be z(-2). Suppose i + 3*o - 10 = p, -3*i - i + o = -14. What is the tens digit of (2 + (-27 - i))*-3?
8
Let b(o) = 321*o**2 - 7*o - 159. What is the tens digit of b(7)?
2
Let x be 60210/81 + 1/(-3). Let z = x + -186. What is the units digit of z?
7
Suppose 0 = -8*n + 21 + 91. Suppose n + 10 = 2*b. Suppose -9*w = -b*w + 261. What is the units digit of w?
7
Suppose -10*h = -14*h + 4*c + 27076, -h - c = -6761. What is the hundreds digit of h?
7
Let h be 0/((4 + 2)/(-3)). Suppose h = 12*f - 16*f + 812. Suppose -5*a + 147 = -f. What is the units digit of a?
0
Let l = 105 - 106. What is the units digit of (85/5*l)/(-1)?
7
Let i be 14/2 + 13/(91/(-14)). Suppose 12 = i*u + 2. Suppose -15*m + u*m = -377. What is the units digit of m?
9
Let f be -1 - 0 - (3 - 0 - 2). Let c = 315 - f. What is the units digit of c?
7
Suppose 0 = 2*k + 3*u - 15994, 3*u + 1823 = -4*k + 33799. What is the tens digit of k?
9
Suppose 37*q = 62*q - 509690 + 39715. What is the units digit of q?
9
Let g = -5846 + 18864. What is the thousands digit of g?
3
Let c(h) = 484*h**2 + 430*h - 16. What is the tens digit of c(-6)?
2
Let g(i) be the third derivative of 0*i - 26*i**2 + 0 + 13/6*i**3 - 7/4*i**4. What is the hundreds digit of g(-4)?
1
Suppose -3*